14) in base 2?
-111101110010111
2678 (base 15) to base 5
230323
Convert 10133323 (base 4) to base 12.
a7b7
Convert 448 (base 13) to base 7.
2101
What is 33a (base 12) in base 5?
3403
4013 (base 5) to base 14
284
What is -1526 (base 11) in base 6?
-13032
441 (base 14) to base 15
3b1
Convert 255 (base 14) to base 7.
1235
What is -13002 (base 4) in base 6?
-2030
Convert -1314 (base 6) to base 7.
-655
Convert 11332111 (base 4) to base 15.
73b4
What is -61f4 (base 16) in base 12?
-12618
577 (base 9) to base 16
1db
What is -65fa (base 16) in base 6?
-320510
What is -22121100 (base 3) in base 8?
-14201
242 (base 15) to base 2
1000000000
2006 (base 7) to base 3
221122
b7f (base 16) to base 9
4030
-4044 (base 5) to base 12
-378
What is -8 (base 15) in base 16?
-8
Convert -1027 (base 16) to base 13.
-1b61
What is -5410 (base 10) in base 4?
-1110202
20112 (base 3) to base 11
150
What is 898a (base 14) in base 5?
1230323
What is 3033 (base 6) in base 11?
559
Convert -163 (base 14) to base 8.
-433
What is -b2 (base 14) in base 16?
-9c
Convert -114463 (base 7) to base 14.
-7833
What is 1024 (base 7) in base 5?
2421
Convert 100303 (base 4) to base 7.
3064
Convert -3310322 (base 4) to base 6.
-200322
-6056 (base 10) to base 14
-22c8
What is -35305 (base 6) in base 14?
-1bcd
1050 (base 8) to base 9
673
-26484 (base 10) to base 2
-110011101110100
-1460 (base 12) to base 10
-2376
-110110001010 (base 2) to base 9
-4671
Convert 5875 (base 15) to base 6.
222545
-4a32 (base 14) to base 11
-9830
What is -7341 (base 8) in base 2?
-111011100001
Convert -1045 (base 8) to base 7.
-1413
What is 25542 (base 6) in base 2?
111100100110
What is -44030 (base 5) in base 11?
-22a1
What is -3171 (base 10) in base 14?
-1227
10111101 (base 2) to base 3
21000
Convert 135 (base 15) to base 4.
10103
What is -16051 (base 7) in base 12?
-2727
Convert -131220 (base 4) to base 14.
-996
Convert -cb5 (base 15) to base 2.
-101100110110
Convert 32331 (base 6) to base 3.
20002201
Convert 14a (base 11) to base 16.
af
What is 1010200 (base 3) in base 5?
11303
What is -53225 (base 6) in base 5?
-212332
355a (base 15) to base 13
520c
1857 (base 12) to base 7
11410
-2a22 (base 15) to base 6
-105452
What is -1111001100 (base 2) in base 16?
-3cc
What is 8121 (base 9) in base 10?
5932
Convert -602 (base 9) to base 12.
-348
-40141 (base 5) to base 9
-3438
Convert -100011011011 (base 2) to base 9.
-3088
-11 (base 5) to base 11
-6
158 (base 14) to base 7
541
-120120121 (base 3) to base 15
-3571
-149 (base 12) to base 4
-3021
What is -1000100011 (base 2) in base 7?
-1411
Convert -120001010 (base 3) to base 11.
-8269
What is 16004 (base 9) in base 15?
3394
What is -221120 (base 3) in base 9?
-846
Convert 1221 (base 4) to base 16.
69
What is 23055 (base 8) in base 5?
303043
Convert 3076 (base 13) to base 4.
1220200
55056 (base 7) to base 5
420021
Convert 94 (base 11) to base 16.
67
-100000101001101 (base 2) to base 16
-414d
What is 450034 (base 6) in base 4?
21023212
What is -16627 (base 8) in base 4?
-1312113
-1272 (base 8) to base 3
-221212
Convert -346 (base 16) to base 14.
-43c
What is 1113 (base 6) in base 2?
100000101
What is 3a9 (base 16) in base 9?
1251
What is -1297 (base 11) in base 16?
-68f
What is -6304 (base 10) in base 13?
-2b3c
-221 (base 11) to base 16
-109
111011 (base 2) to base 10
59
What is -1003 (base 8) in base 11?
-429
Convert 1000101110111110 (base 2) to base 4.
20232332
What is 2424 (base 6) in base 2?
1001010000
221 (base 12) to base 6
1241
Convert 220 (base 16) to base 8.
1040
What is 100 (base 9) in base 2?
1010001
30361 (base 9) to base 10
19981
20210100 (base 3) to base 4
1031112
Convert 697 (base 11) to base 10.
832
-101100110 (base 2) to base 7
-1021
Convert -1001010110 (base 2) to base 10.
-598
What is -1001201100 (base 3) in base 4?
-11013012
What is 15c (base 16) in base 3?
110220
Convert -1112210 (base 4) to base 3.
-21121012
-11dc1 (base 15) to base 11
-399a5
585 (base 14) to base 2
10001001001
22 (base 11) to base 2
11000
What is 8e22 (base 15) in base 8?
72746
3777 (base 9) to base 10
2824
Convert -18e4 (base 15) to base 5.
-133024
-63 (base 9) to base 13
-45
-20032 (base 4) to base 8
-1016
Convert -5343 (base 6) to base 9.
-1600
Convert 154244 (base 6) to base 2.
11101101110100
Convert -1010013 (base 4) to base 6.
-32103
What is 136cd (base 14) in base 3?
2102211222
Convert -af2 (base 16) to base 15.
-c6c
-2d84 (base 14) to base 7
-32524
Convert -60 (base 11) to base 6.
-150
22111 (base 4) to base 9
814
Convert -12067 (base 9) to base 7.
-32362
-8b0 (base 15) to base 16
-7ad
31566 (base 7) to base 2
1111010011111
What is -2173 (base 9) in base 10?
-1605
Convert -15744 (base 8) to base 11.
-5401
-500 (base 11) to base 12
-425
1c22 (base 13) to base 6
31405
What is 10200 (base 3) in base 9?
120
-85 (base 10) to base 2
-1010101
What is 1174 (base 11) in base 7?
4320
What is -74 (base 11) in base 5?
-311
-5b6e (base 15) to base 14
-7138
What is -4262 (base 12) in base 6?
-53402
Convert f7c (base 16) to base 13.
1a5c
What is -14575 (base 8) in base 3?
-22221200
Convert 556 (base 9) to base 10.
456
-3067 (base 11) to base 4
-333202
What is -5023 (base 8) in base 3?
-10112112
Convert 8057 (base 11) to base 12.
6246
558 (base 15) to base 14
624
Convert 141133 (base 5) to base 15.
1ab3
12223 (base 4) to base 11
359
What is 100000000110000 (base 2) in base 12?
9614
122000 (base 3) to base 14
24b
What is -2518 (base 11) in base 6?
-23114
What is 4121401 (base 5) in base 8?
203035
Convert 2411 (base 5) to base 16.
164
What is -169c0 (base 14) in base 2?
-1101110111101100
What is 213 (base 6) in base 3?
10000
341111 (base 5) to base 8
27377
Convert -1bb3 (base 14) to base 15.
-1772
What is 44b9 (base 13) in base 4?
2112100
Convert -3b19 (base 12) to base 13.
-3123
What is -10012 (base 3) in base 14?
-62
What is -328 (base 12) in base 6?
-2052
Convert -38510 (base 12) to base 13.
-28c2c
216 (base 10) to base 16
d8
-36606 (base 10) to base 16
-8efe
112102 (base 3) to base 4
12011
What is -3550 (base 7) in base 9?
-1714
What is 3498 (base 11) in base 5?
121314
What is -5045 (base 6) in base 13?
-674
Convert -4743 (base 8) to base 11.
-19a1
Convert -57b (base 12) to base 5.
-11230
112110222 (base 3) to base 11
7a27
Convert 340304 (base 5) to base 14.
44dc
-1000010111111 (base 2) to base 12
-2593
Convert a57a (base 11) to base 5.
422002
5887 (base 9) to base 13
1cb4
Convert -2392 (base 14) to base 6.
-44420
Convert 31 (base 10) to base 16.
1f
-210200122 (base 3) to base 2
-11110111000100
220011 (base 3) to base 2
1010001100
34b (base 13) to base 10
570
Convert a5 (base 12) to base 15.
85
Convert 10002202 (base 3) to base 14.
b77
What is 1010100101100 (base 2) in base 9?
7382
2528 (base 14) to base 5
202004
What is -30313211 (base 4) in base 7?
-306446
Convert -26b78 (base 12) to base 8.
-150414
30345 (base 7) to base 12
4333
Convert 643 (base 13) to base 10.
1069
-5d5 (base 15) to base 7
-3602
-3410 (base 9) to base 16
-9d8
20202 (base 5) to base 11
a84
16036 (base 9) to base 3
120001020
What is 10a1 (base 13) in base 2?
100100011000
-1044404 (base 5) to base 10
-18729
Convert -121121 (base 3) to base 6.
-2024
Convert -12b (base 15) to base 8.
-412
What is 67417 (base 9) in base 14?
12489
32500 (base 8) to base 9
20626
-330 (base 5) to base 6
-230
Convert 21b70 (base 12) to base 16.
af44
Convert 579 (base 14) to base 2.
10000111111
-17131 (base 9) to base 4
-2313331
-55b3 (base 16) to base 7
-120651
21313123 (base 4) to base 15
be91
What is -15187 (base 15) in base 12?
-33324
What is -110 (base 16) in base 4?
-10100
-14720 (base 9) to base 12
-59a6
-11311313 (base 4) to base 2
-101110101110111
-12689 (base 13) to base 5
-2042312
Convert 22105 (base 6) to base 16.
bf9
23f (base 16) to base 12
3bb
What is -124424 (base 5) in base 11?
-3826
-122010 (base 3) to base 6
-2050
-114261 (base 7) to base 4
-11003301
263 (base 11) to base 2
100110111
Convert 4a0 (base 12) to base 4.
22320
-310 (base 6) to base 12
-96
What is 6473 (base 14) in base 7?
101403
What is 31343 (base 5) in base 8?
4062
Convert -20221022 (base 3) to base 16.
-13c1
Convert 51250 (base 6) to base 8.
15216
Convert -1110 (base 8) to base 15.
-28e
-4227 (base 12) to base 3
-100220211
What is 122100 (base 3) in base 11?
3